Let x(j) = 19*j**2 + 10514*j + 52095. Calculate x(-5).
0
Let j(q) = 5770*q - 6056. Give j(1).
-286
Let k(w) = -71*w + 13318. Calculate k(188).
-30
Let c(o) = -o**3 + 960*o**2 - 945*o - 13437. What is c(959)?
-11
Let y(z) = -z**3 - 687*z**2 + 2655*z + 1823977. What is y(-687)?
-8
Let d(l) = -7*l**2 - 1570*l + 178669. Give d(83).
136
Let j(n) = n**3 + 26*n**2 + 44*n + 92. What is j(-24)?
188
Let k(l) = 6009*l + 216. Determine k(0).
216
Let y(f) = -4764*f - 62950. Give y(-13).
-1018
Let a(t) = 16*t**2 + 1705*t - 988. Determine a(-106).
-1942
Let t(f) = -f**3 + 825*f**2 + 2626*f - 117572. Calculate t(828).
4
Let h(m) = 10168*m + 140228. Determine h(-14).
-2124
Let q(n) = n**3 + 118*n**2 + 2806*n + 341. Determine q(-85).
256
Let z(s) = -29*s**2 - 91*s - 89. Give z(-6).
-587
Let y(h) = -h**3 - 5*h**2 - 30*h - 119. Determine y(-6).
97
Let l(i) = 112*i**2 - 2912*i + 7671. Give l(23).
-57
Let k(x) = -x**3 - 54*x**2 + 772*x + 8448. Give k(-64).
0
Let j(t) = 5*t**2 + 116*t - 5393. What is j(-46)?
-149
Let a(p) = -71403*p + 571674. Give a(8).
450
Let m(s) = -300698*s - 902049. What is m(-3)?
45
Let r(p) = -p**2 - 1415*p - 499900. Determine r(-734).
-46
Let y(c) = -87*c - 4995. Determine y(-64).
573
Let t(r) = -61005*r - 488171. Give t(-8).
-131
Let o(b) = 235*b**2 - 178*b + 14. Give o(-3).
2663
Let c(w) = 2*w**2 - 418*w + 21817. Calculate c(102).
-11
Let j(v) = -34*v - 3165. Calculate j(-79).
-479
Let l(n) = n**2 + 37711*n + 82. What is l(0)?
82
Let k(q) = 8*q**3 - 12*q**2 + 45*q + 238. Determine k(-7).
-3409
Let h(y) = 334*y**2 - 1023*y + 41. Calculate h(3).
-22
Let a(i) = 184289*i + 1842895. Determine a(-10).
5
Let l(p) = 2*p**3 - 275*p**2 + 7832*p + 2435. Determine l(97).
10
Let t(s) = 2*s**3 + 112*s**2 + 874*s + 10. Calculate t(-9).
-242
Let w(m) = -m**3 + 54*m**2 + 2003*m - 8198. Determine w(-28).
6
Let t(x) = -23*x**3 + 217*x**2 + 104*x + 259. What is t(10)?
-1
Let r(o) = -9*o**3 + 10*o**2 - 41*o - 61. Calculate r(6).
-1891
Let j(y) = -2*y**3 - 136*y**2 + 7*y + 430. Determine j(-68).
-46
Let r(w) = 36830*w + 147315. Give r(-4).
-5
Let o(w) = -5*w**2 - 158*w + 547. What is o(-36)?
-245
Let z(d) = -3*d**3 + 623*d**2 + 233*d - 8114. Calculate z(208).
-2914
Let o(m) = -52444*m - 1048875. Calculate o(-20).
5
Let m(v) = 13*v**3 - 102*v**2 - 588*v + 4642. Determine m(7).
-13
Let p(m) = -4*m**3 + 37*m**2 + 2654*m - 21568. What is p(8)?
-16
Let w(t) = -29*t**2 + 2632*t + 8153. What is w(-3)?
-4
Let u(c) = -c**3 - 195*c**2 - 8651*c - 1896. What is u(-127)?
9
Let w(g) = -g**3 - 24*g**2 + 117*g - 132. Calculate w(3).
-24
Let m(l) = l**3 - 13*l**2 - 9857*l - 127. What is m(106)?
-21
Let r(t) = t**3 + 914*t**2 - 1286*t + 500124. Give r(-916).
-12
Let g(t) = -t**3 + 109*t**2 - 2953*t - 263. Determine g(58).
27
Let n(p) = 6*p**3 - 1585*p**2 + 262*p + 497. Determine n(264).
-31
Let v(w) = -2*w**3 + 171*w**2 - 1066*w - 239. Give v(7).
-8
Let k(x) = 319*x + 679. Give k(-3).
-278
Let q(k) = 74*k**2 + 108*k - 205. What is q(1)?
-23
Let y(x) = -330*x - 122111. Calculate y(-370).
-11
Let o(m) = -6*m**3 + 4149*m**2 - 2038*m - 24178. Give o(691).
7
Let x(p) = p**3 + 518*p**2 + 3081*p + 4665. What is x(-512)?
57
Let w(v) = -83728*v - 418639. Calculate w(-5).
1
Let f(w) = -69670*w - 1114711. What is f(-16)?
9
Let d(r) = r**2 + 36*r + 232. What is d(-45)?
637
Let o(u) = 2*u**3 - 185*u**2 - 83*u - 919. Give o(93).
11
Let z(u) = 6*u**3 - 16548*u**2 - 49705*u - 21. Calculate z(-3).
0
Let r(z) = -z**2 - 204*z + 15252. Calculate r(-262).
56
Let l(d) = -21446*d + 1951575. Determine l(91).
-11
Let g(x) = 8*x**2 - 1194*x + 3571. Calculate g(3).
61
Let h(i) = -2*i**3 - 46*i**2 + 86*i + 898. Give h(-24).
-14
Let j(q) = 2*q**3 - 160*q**2 + 274*q + 1049. Give j(78).
-1915
Let g(y) = -y**2 - 281*y + 6802. Give g(24).
-518
Let z(v) = 154*v**2 - 3826*v - 623. Determine z(25).
-23
Let z(x) = -3*x**3 - 119*x**2 + 18*x + 111. What is z(-40)?
991
Let y(k) = -k**3 - 134*k**2 - 141*k + 1516. Determine y(-133).
2580
Let z(a) = 12883*a - 54. What is z(0)?
-54
Let z(q) = -1270*q + 70099. Determine z(55).
249
Let h(m) = -1892*m - 11890. Calculate h(-7).
1354
Let h(s) = -64*s**3 + 5689*s**2 + 623*s - 2. Calculate h(89).
-2
Let q(o) = 1168*o**2 + 279148*o - 950. Calculate q(-239).
6
Let q(i) = -1889*i - 296553. Determine q(-157).
20
Let p(u) = -58*u + 2088. Determine p(49).
-754
Let a(n) = 4*n**3 - 43*n**2 + 13*n + 50. What is a(8)?
-550
Let q(i) = -4883*i - 14906. Determine q(-3).
-257
Let f(y) = 117*y - 10884. Calculate f(87).
-705
Let d(k) = 9218*k - 54820. Determine d(6).
488
Let p(a) = 82343*a + 411718. Calculate p(-5).
3
Let s(p) = -144165*p + 1153301. Determine s(8).
-19
Let s(c) = c**3 + 40*c**2 + 81*c + 233. Determine s(-38).
43
Let t(b) = -17*b**2 - 1329*b + 8584. What is t(6)?
-2
Let i(p) = 13*p**2 - 898*p + 11457. Determine i(13).
1980
Let i(d) = -8*d**3 - 2*d**2 - 31*d - 84. What is i(-3)?
207
Let l(y) = -593*y - 49167. Give l(-83).
52
Let a(m) = m**3 + 136*m**2 - 2962*m + 279. Give a(19).
-44
Let c(x) = 4*x**3 - 50*x**2 - 76*x + 1571. What is c(11)?
9
Let g(p) = -7*p**3 + 2*p**2 - 1451*p + 2903. Give g(2).
-47
Let m(u) = u**3 + 39*u**2 + 159*u + 660. What is m(-35)?
-5
Let w(d) = -2*d**2 - 199*d - 2798. Determine w(-83).
-59
Let m(j) = 18892*j + 188899. Calculate m(-10).
-21
Let x(w) = -w**3 - 3888*w**2 + 7754*w + 52. Determine x(2).
0
Let w(h) = -6*h**2 + 467*h - 4560. Determine w(13).
497
Let z(u) = 22*u**3 - 8*u**2 - 8*u - 10. Determine z(0).
-10
Let j(k) = 10*k**2 + 401*k + 2117. Give j(-7).
-200
Let b(y) = -y**3 + 34*y**2 + 2387*y - 79809. Calculate b(33).
51
Let w(h) = -h**3 + 129*h**2 + 634*h - 129. Give w(-5).
51
Let l(m) = -783*m - 157444. Give l(-201).
-61
Let q(u) = -5*u**3 - 122*u**2 + 857*u + 25503. Give q(-21).
9
Let f(r) = -52*r**3 + 18984*r**2 - 1458*r - 727. What is f(365)?
3
Let m(l) = 4*l**2 - 903*l + 32501. Give m(45).
-34
Let c(k) = -33*k**3 - 42865*k**2 + 2577*k - 27281. Calculate c(-1299).
-2
Let b(c) = 2*c**2 - 79*c - 34284. Give b(152).
-84
Let z(y) = -463*y + 10099. Calculate z(23).
-550
Let m(t) = 291*t**2 + 749*t + 26. What is m(-3)?
398
Let w(t) = t**3 + 44*t**2 - 87*t - 193. Calculate w(-46).
-423
Let d(g) = 3188*g + 9839. Calculate d(-3).
275
Let m(q) = -2*q**3 + 264*q**2 - 1751*q - 196. Give m(125).
-321
Let f(p) = 110*p**2 + 596*p + 66. What is f(-5)?
-164
Let y(n) = -7*n**2 - 2568*n + 1073442. Determine y(249).
3
Let r(k) = -43*k**2 - 537*k - 1453. Determine r(-4).
7
Let l(y) = 487*y - 72765. What is l(159)?
4668
Let v(h) = -2*h**2 + 7362*h + 66405. What is v(-9)?
-15
Let f(i) = -i**3 + 502*i**2 - 4968*i + 2493943. Calculate f(502).
7
Let k(m) = 388*m**2 - 1928*m + 1484. Determine k(4).
-20
Let y(s) = -s**3 - 3*s**2 - 658*s + 5103. What is y(7)?
7
Let j(x) = -163*x + 379. What is j(-6)?
1357
Let r(d) = -17*d**2 + 12272*d - 294834. Determine r(697).
-3
Let i(z) = -21*z**2 + 55*z + 757. What is i(-9)?
-1439
Let j(g) = -40*g**2 - 3050*g + 29759. What is j(-85)?
9
Let t(z) = -1922*z + 11239. What is t(5)?
1629
Let r(z) = 2*z**3 + 75*z**2 + 82*z - 916. Give r(-36).
20
Let z(q) = -62*q**3 + 2*q**2 + 1030*q - 3104. Give z(3).
-1670
Let q(y) = 490*y + 27113. Give q(-42).
6533
Let i(s) = -772*s - 246243. What is i(-320)?
797
Let y(p) = -p**3 - 380*p**2 - 5469*p + 2193. Calculate y(-365).
3
Let l(b) = 6048*b + 90713. Calculate l(-15).
-7
Let c(z) = 13*z**2 - 57*z - 38. Give c(4).
-58
Let m(z) = 2*z**3 + 66*z**2 + 325*z + 6. Calculate m(-28).
-1254
Let h(b) = -4*b**3 - 550*b**2 + 260*b + 15. What is h(-138)?
2223
Let q(l) = -6*l**3 + 28*l**2 - 75*l + 730. Give q(6).
-8
Let t(s) = -5861551*s - 11723107. Give t(-2).
-5
Let z(k) = -2495*k - 326843. Calculate z(-131).
2
Let u(b) = 669*b + 96271. Determine u(-146).
-1403
Let t(c) = -59*c**3 + 599*c**2 - 90*c + 22. Give t(10).
22
Let f(s) = -14*s**3 - 20903*s**2 - 43236*s + 4469. Give f(-1491).
-4
Let f(p) = 3*p**2 - 111*p + 779. Calculate f(10).
-31
Let m(d) = 2515*d**2 + 47787*d + 41. Calculate m(-19).
3
Let k(b) = 224*b**3 + 11439*b**2 + 759*b - 315. Calculate k(-51).
-9
Let q(h) = -15*h**3 + 105*h**2 - 109*h + 769. Calculate q(7).
6
Let m(u) = -12*u**2 + 21*u + 1748. Give m(0).
1748
Let c(f) = -2*f**3 - 49*f**2 - 257*f - 10517. What is c(-27)?
67
Let s(m) = -7982*m - 21511482. Calculate s(-2695).
8
Let r(t) = 547*